*2 + 10*l - 24. Let d be i(-20). Calculate the highest common factor of 16 and d.
16
Let p be 17/((-102)/36) + 6. Let h(o) = 10*o + 1. Let q be h(-1). Let r = p - q. What is the highest common factor of 3 and r?
3
Let w(d) = 109*d + 152. Let l be w(5). What is the highest common divisor of 41 and l?
41
Suppose -37 = 4*d - 101. Let o = 31 - d. Let b be (-121)/33 + (-4)/(-6) - -18. Calculate the highest common factor of o and b.
15
Let y(j) = j**3 + 8*j**2 - j + 4. Let x be y(-8). Suppose -2*i = 5*f - f + 8, i - x = 2*f. What is the highest common divisor of 16 and i?
4
Let x(b) = b**3 - 2*b**2 - 14*b + 31. Let h be x(0). What is the highest common divisor of h and 3?
1
Suppose 114 + 111 = 5*c. Suppose 5*a = -3*p + 81, -2*a + p + 24 = 5*p. What is the highest common factor of c and a?
9
Let q(w) = 4*w - 4. Let z be q(4). Suppose 0 = -6*m - 5 + 29. What is the highest common factor of z and m?
4
Let c = -360 + 369. What is the highest common divisor of 261 and c?
9
Let s(k) = -2*k + 19. Let d be s(8). Suppose -60 = -d*a - 2*a. What is the greatest common divisor of a and 48?
12
Let u(b) = -2*b - 7. Let v be u(-4). Let d be 2*(v - 2/4). Let c = 21 + d. Calculate the highest common factor of 66 and c.
22
Let x be (-7)/(-1) - (24 + -34). What is the highest common divisor of 153 and x?
17
Let m be (64/(-8))/((-3)/732). What is the highest common factor of 32 and m?
32
Let o(l) = -2*l**3 + 50*l**2 - 3. Let c be o(25). Let f be (-2 - 26/c)/(32/48). What is the highest common divisor of 80 and f?
10
Suppose -3*g + 8 = k, 6*k - 40 = k - 4*g. Let q be 2/((-41)/(-20) - 2). What is the highest common factor of q and k?
8
Suppose 6*j - 726 = 4*j. Suppose 13*l - j = 10*l. Let u(n) = 3*n + 2. Let h be u(3). Calculate the highest common divisor of l and h.
11
Let r(c) = -c**3 + 14*c**2 + 15*c + 3. Let s be r(15). Let g be ((-14)/s)/((-16)/24). Let w = 8 + -1. What is the highest common factor of g and w?
7
Suppose 20*r - 700 = 16*r. Let o = -88 + r. Calculate the highest common divisor of 29 and o.
29
Let b be (1/6)/((-3)/(-18)). Calculate the highest common divisor of 23 and b.
1
Suppose 2*q = -2*d + 1456, d + 3063 = 4*q + 136. What is the highest common factor of 34 and q?
17
Let r = 262 + -221. What is the greatest common factor of 1025 and r?
41
Let u be -4 - -7 - 6 - -2. Let x(k) = -5*k + 2. Let q be x(u). What is the greatest common divisor of 28 and q?
7
Let c(a) = 12*a + 1. Let m be c(2). Suppose -t - 5*l = -7, 2*l = -2*l - 16. Suppose -3*i + t = -3. Calculate the highest common factor of i and m.
5
Let q = 111 + -105. Suppose -4*g + 46 = q. Let s = -8 + 18. What is the greatest common factor of g and s?
10
Let j(k) = -4*k - 1. Let z be j(-8). Let o = z - -9. Calculate the highest common factor of 16 and o.
8
Let q(u) = 3*u**3 - 2*u**2 + 10*u - 7. Let c be q(6). What is the greatest common factor of 37 and c?
37
Let x(n) = 8*n**2 + 25*n - 160. Let t be x(8). What is the highest common factor of t and 16?
8
Let m = 1002 - 990. Calculate the greatest common divisor of m and 228.
12
Let j = 184 + -97. Suppose 3*w = o - 4*o + 336, 4 = -w. What is the greatest common divisor of j and o?
29
Let g(k) = -3*k**2 + 33*k - 5. Let j be g(6). What is the greatest common divisor of 51 and j?
17
Let m(b) = 6*b**2 - 5*b + 20. Let p(l) = 7*l**2 - 4*l + 21. Let t(d) = -6*m(d) + 5*p(d). Let y be t(5). What is the greatest common divisor of y and 2?
2
Let d(c) = -c**3 - 4*c**2 - 3*c + 4. Let a be d(-3). Let j be -1 + a + -2 - -3. What is the highest common divisor of j and 1?
1
Suppose -4*y = 2*k - 46, -y = -0*k + 4*k - 106. Let q be 4/((6/k - 0) + 0). What is the highest common divisor of q and 45?
9
Suppose 0 = -2*j - 3*j + 525. Let x be (1 - 5) + (-24)/9 + (-2405)/(-111). What is the highest common factor of j and x?
15
Let x be (3384/(-60))/(10/(-25)). Calculate the highest common divisor of x and 94.
47
Let h = 430 + -310. What is the greatest common divisor of 15 and h?
15
Suppose -3*r = -2*s + 15 + 6, 0 = r - 1. Suppose 4*f + 2 = -3*l + 66, -92 = -4*l - 2*f. Calculate the highest common factor of s and l.
12
Let q = -327 - -1458. What is the greatest common factor of q and 39?
39
Suppose -105 = -26*z + 1091. What is the highest common factor of z and 2?
2
Suppose 6*k = 8*k. Suppose k = -6*w + 433 + 77. Calculate the highest common divisor of 5 and w.
5
Let b be ((-6)/(-8))/(2/48). Suppose 4*h + 4*z = -0*z + 68, 3*h - 39 = z. Let u be -7*((-24)/h)/6. Calculate the highest common divisor of b and u.
2
Let y(z) = z**3 - 12*z**2 + 10*z + 14. Let q be y(11). Suppose -q*x + 13 = 10. What is the greatest common factor of x and 2?
1
Let r = -2967 - -3059. Let c be (-3 + 26)*(2 + -1). What is the greatest common factor of c and r?
23
Let m(u) = -3*u**3 + 3*u**2 - 4*u + 2. Let n be m(2). Let d = 63 - n. Let y(v) = 8*v + 161. Let r be y(-19). Calculate the highest common factor of d and r.
9
Let x(h) = -2*h - 3. Let c be x(-3). Suppose c*f - f = 26. Let m be 13/1*(-27)/(-3). Calculate the highest common factor of f and m.
13
Suppose -u = 3*u - 296. Let g = u - 44. What is the greatest common divisor of g and 45?
15
Let j = -13 - -83. Calculate the greatest common factor of j and 56.
14
Let m be 9/(-36) + (-2 - (-27)/12). Suppose 26*s - 30*s + 780 = m. What is the highest common factor of 78 and s?
39
Suppose -5*u - 5*p = -50, 5*p = 5*u - 48 - 42. Suppose -h + 3*c + 3 = 0, 2*c = 2*h - u + 4. What is the greatest common divisor of h and 6?
6
Let c = -170 - -222. Calculate the greatest common factor of 676 and c.
52
Let j = -3 + 5. Suppose -3*g - j*b = -g + 16, b = 4*g + 47. Let d = g + 18. What is the highest common divisor of 49 and d?
7
Let j = -691 - -726. What is the highest common divisor of 15 and j?
5
Let s(h) = -144*h**2 + 136*h**2 - 21 - 3*h - h**3 + 0*h**3. Let y be s(-8). Calculate the greatest common factor of y and 3.
3
Suppose 3*x + 12 = 84. Suppose 0 = -4*f + 2*d - d + 16, -d = -2*f + 10. Calculate the highest common factor of f and x.
3
Let t = -2749 + 4264. Calculate the highest common divisor of t and 101.
101
Let l(z) = z**3 - 3*z**2 + 7*z + 1. Let m be l(7). Suppose 2*j - 78 = m. Calculate the highest common divisor of j and 18.
18
Suppose 0 = 2*g - 4*g - 36. Let a be (-2)/(-6) + (-426)/g. Let d(x) = 9*x**2 - x + 2. Let b be d(2). What is the greatest common factor of b and a?
12
Suppose 15318 = -19213*q + 19222*q. What is the highest common factor of q and 46?
46
Suppose -60*u + 46*u = -336. Calculate the highest common factor of 276 and u.
12
Let p be (9/(-18))/((-1)/20). Suppose 3*i + 1305 = 8*i. Let w = -181 + i. Calculate the highest common divisor of p and w.
10
Let r be 10*3 - (11 + -14). Suppose 0 = 2*x - 4*a - 80, x - 35 = -5*a + r. Let u = 0 + x. What is the highest common factor of 12 and u?
12
Let k(y) = y + 5. Let m be k(8). Let d(w) = w**3 - 14*w**2 + 17*w + 4. Let p be d(m). Calculate the greatest common factor of p and 7.
7
Suppose 2 = 2*v - 0. Let k be 24/(-28)*v*-21. Suppose 4*c = 73 - 1. Calculate the highest common factor of k and c.
18
Let f be 33/4 + 2/(-8). Let m = -4 + f. Suppose -54 - 58 = -m*g. What is the highest common divisor of g and 4?
4
Let s be 25 - (1 - (2 + -2)). Let o(p) = p**2 + 47*p + 526. Let f be o(-13). Calculate the highest common factor of f and s.
12
Suppose x = 6*x + 15. Let u be (18/(-7))/(x/126). What is the highest common divisor of 12 and u?
12
Let l(u) be the third derivative of -u**5/30 - u**4/4 - 9*u**2. Let m be l(-8). Let y be (30/(-24))/(2/m). Calculate the greatest common factor of y and 25.
25
Suppose -k - s - 2 - 1 = 0, -5*k + 13 = -2*s. Suppose 28 = 4*t - 4*q, 1 + 0 = q. Let f = k + t. Calculate the highest common divisor of f and 18.
9
Suppose 12*j + 112 = 13*j. What is the greatest common divisor of j and 168?
56
Suppose 2*p = 4*t - 16, -3 = -3*t - 2*p - p. Suppose 0 = a - t - 2. Suppose 22 = a*o - 28. What is the highest common divisor of o and 80?
10
Let s be 1/4 + 43/4. Let h(q) = -60*q + 993. Let b be h(16). What is the highest common factor of b and s?
11
Let m be -1354*(-7)/14 + -5. Calculate the greatest common factor of m and 21.
21
Let r be 1/(-1*3/(-15)). Suppose 200 = r*z + 5*t, -5*z + t + 190 = 4*t. Suppose 41 = 5*f + 6. What is the highest common divisor of f and z?
7
Suppose -39 